 Suppose 3*y = 5*i - 325, -2*i - 49 = x*y - 179. What are the prime factors of i?
5, 13
List the prime factors of (9/6)/(6/1224).
2, 3, 17
Let y = 266 + -95. Let o = y - 88. What are the prime factors of o?
83
Suppose -5*c - 20 = 0, -323 - 1205 = -2*i + 2*c. List the prime factors of i.
2, 5, 19
Let t = 7 - -16. Let q = t - 15. Let o = q - 5. List the prime factors of o.
3
Let k(z) = 29*z + 371. What are the prime factors of k(0)?
7, 53
Suppose -s + 148 = 3*h - 19, 2*h = 2*s + 114. Suppose 2*l - 8 = -0*l, -l - h = 4*z. List the prime factors of 19 + z - (-118)/2.
3, 7
Suppose 0 = o + 2*d - 8 - 2, -5*d = -20. Suppose o*c - 42 = 100. List the prime factors of c.
71
Let h = -20 - -25. Suppose 4*b + h*b = 108. What are the prime factors of b?
2, 3
Suppose -5*w = -15 - 5. Suppose 7*a - 693 = w*a. What are the prime factors of a?
3, 7, 11
Let t = 650 + -290. Suppose 5*a - 90 = -y, -4*y + a + t = 5*a. List the prime factors of y.
2, 3, 5
Let d(h) = 1 + 2 - 3 - 2*h. Let z be d(-3). Suppose -z*f = 2*b - 2*f - 46, -8 = 2*f. What are the prime factors of b?
31
Let w be (-1 + -1)/(1/(-500)). Suppose 0 = -h + 6*h - w. Suppose -5*x + h = -x. What are the prime factors of x?
2, 5
Suppose 11 + 9 = 10*b. Suppose 3*m = 5*y - 343, -3*y + b*m - 4*m + 202 = 0. List the prime factors of y.
2, 17
What are the prime factors of 69960/24 - (-5 + 2)?
2, 1459
Let p = 294 - 50. What are the prime factors of p?
2, 61
Let i(q) = q**3 - 22*q**2 - 186*q + 23. List the prime factors of i(30).
31, 53
Suppose j - 4 - 5 = 0. Let p be 38/(-3) - 6/(-9). What are the prime factors of (p/4)/j*-51?
17
Let f = -3 - 1. Let j be (-25)/(-2) + (-6)/f. Let h = -10 + j. List the prime factors of h.
2
Let f(u) = 9*u**2 - 65*u + 23. What are the prime factors of f(17)?
7, 31
Let m(p) = -p**2 - 11*p + 11. Let u(k) = k**2 + 12*k - 12. Let r(x) = -4*m(x) - 3*u(x). Let f be r(-9). List the prime factors of 17 + f/(-1)*2.
3, 5
Suppose 5*w = 14 + 1. Suppose -i = -j, -i + 24 = 4*i + w*j. Suppose 0 = 3*u - 0*r + i*r - 123, r - 131 = -3*u. List the prime factors of u.
3, 5
Let p be 1*-2*1/2. Let t be 4/(-12)*(-1 - p). Suppose t = -4*j + 15 + 17. What are the prime factors of j?
2
Let w(t) = -308*t**3 + 4*t**2 + 4*t + 1. List the prime factors of w(-1).
3, 103
Suppose -4*x + 16 = 4*c, -3*x + 0*x = 2*c - 8. Suppose 3*s + 1 - 10 = 0. Suppose -s*l - l + 92 = x. What are the prime factors of l?
23
What are the prime factors of ((-3)/2)/((-84715)/(-10590) + -8)?
3, 353
Let i = -24 - -32. List the prime factors of (180/48)/(1/i).
2, 3, 5
Let l = 41 + -36. Suppose -8*i + l*i + 27 = 0. List the prime factors of i.
3
Let n = 258 + -63. Suppose -4*v = -20, 2*d - n = v - 0. List the prime factors of d.
2, 5
Let p be ((-5)/(-3))/((-15)/(-18)). Suppose -3*z = p*d - 0*d - 25, -d + z = -15. List the prime factors of 1692/42 - 4/d.
2, 5
Let z(u) = 7*u**2 - 21*u + 76. What are the prime factors of z(11)?
2, 173
Let c = -3 + 9. Let i be (3 - 6)*c*1. Let g = i + 34. What are the prime factors of g?
2
Let c(l) = 25*l**3 - l**2 + 3*l - 1. List the prime factors of c(2).
3, 67
Let a(c) = c**2 + 7*c - 15. Let b = 11 + -5. List the prime factors of a(b).
3, 7
Let p(k) = k**2 - 2*k + 2. Let y be p(-5). Suppose -3*n + 2*n = -y. Let m = n - 6. List the prime factors of m.
31
Let r be 9*(-2)/(-21)*(-4641)/(-13). Let x = r - 172. What are the prime factors of x?
2, 67
Suppose 9*n - 6108 - 4728 = 0. List the prime factors of n.
2, 7, 43
List the prime factors of 10/(-6)*627498/(-355).
2, 3, 491
Let m(c) = 6*c**2 - 8*c + 71. List the prime factors of m(20).
2311
Let v = 42 + -44. What are the prime factors of v/7*1 - 7580/(-70)?
2, 3
Suppose 13540 = -7*c + 2*c. What are the prime factors of c/(-24) - (-2)/12?
113
Suppose -1530 = -29*r + 23*r. List the prime factors of r.
3, 5, 17
Let u(n) = 7*n + 35. Let y(b) = -3*b - 17. Let k(v) = -4*u(v) - 9*y(v). List the prime factors of k(-10).
23
Suppose -3372 = 14*w - 86378. List the prime factors of w.
7, 11
Let r(i) = i**3 + 7*i**2 + 3*i - 2. Let a(m) = -m - 3. Let s be a(0). List the prime factors of r(s).
5
Let f(n) = 88*n**2 + 5*n + 5. What are the prime factors of f(-3)?
2, 17, 23
List the prime factors of (-14)/(-35) - (-3976)/35.
2, 3, 19
Suppose 0 = 44*t - 46*t + 1184. What are the prime factors of t?
2, 37
Let i(j) = -8*j - 63. What are the prime factors of i(-27)?
3, 17
Let s(u) = -u**2 + 5*u + 14. Let q be s(6). List the prime factors of (2 + 60/q)*2 - -2.
3, 7
Suppose -a - 2*u = 2, -2*u - 2*u - 10 = 5*a. Let t be (-86 - -1)/(2/a). Suppose -4*x = -9*x + t. List the prime factors of x.
17
Suppose 2*n + n + 13 = -4*p, 3*p - 15 = 0. Let a(b) = -b - 10. Let c be a(n). Suppose c = -w + 7. List the prime factors of w.
2, 3
Let y = -227 - -667. List the prime factors of y.
2, 5, 11
Let o(j) be the third derivative of j**5/15 - j**4/24 - j**3/6 + 522*j**2. Suppose -9 + 3 = -3*w. What are the prime factors of o(w)?
13
Let v(r) = r**2 - 10*r - 15. Let d = 11 + 1. What are the prime factors of v(d)?
3
Let h be 14/(-70) - 1/5*-1. Suppose h = -l + 4*l - 63. List the prime factors of l.
3, 7
Suppose 0 = -b - 0*q - 4*q + 357, 4*q + 1881 = 5*b. List the prime factors of b.
373
List the prime factors of 1191*((-130)/15)/(-13).
2, 397
Let d(a) = -a**2 + 17*a + 4. Let q be d(17). Suppose -q*h = -20, -2*j + 75 = -2*h - h. Let l = -36 + j. List the prime factors of l.
3
Let l(i) = -i + 20. Let u be (12/(-10))/((-8)/20). Suppose 0*b - 3*c = u*b + 45, 0 = 2*b + c + 29. What are the prime factors of l(b)?
2, 17
Suppose 3*p - 2*p = -2*i + 142, 2*i - 142 = 5*p. Suppose -5*l + i = -124. What are the prime factors of l?
3, 13
What are the prime factors of 2 + 1 + 40 + 865?
2, 227
Let z(q) = 12*q**3 - q**2 - 7*q + 14. Let a = 121 - 119. List the prime factors of z(a).
2, 23
Let r(l) = -4*l - 4. Let b be r(-2). Suppose b*j - 2*x - 406 = 0, 5*j - 5*x - 409 = j. What are the prime factors of j?
101
Suppose 7*b - 6*b - 7 = 0. Suppose -68 = -b*u + 3*u. What are the prime factors of u?
17
Suppose -3*n - 101 = -4*d, 6*d - 3*n - 127 = d. Let f = -23 + d. Suppose f*q + 10*x - 225 = 5*x, 9 = 3*x. What are the prime factors of q?
2, 5, 7
Let l be (-2)/8 - (-70)/(-8). What are the prime factors of l/6*(-163 + 2 + 3)?
3, 79
Let u be 2420/16 + (-9)/(-12). Suppose -u = 3*z - 5*z. What are the prime factors of z?
2, 19
Let p be 61 + (2 - (4 + -7 + 2)). Let h be (-30)/(-9) - 2/6. Suppose -p = b - h*b. List the prime factors of b.
2
List the prime factors of ((-12)/(-60) - (-727)/15)*12.
2, 73
Let m be ((-3)/2)/((-6)/4). Let t be (0 - m - -17) + 3. Let v = 41 - t. List the prime factors of v.
2, 11
Suppose -i = -97 + 8. Suppose -w + 135 = 5*v - i, -4 = -w. Suppose -131 = -3*f - 0*t + 2*t, v = f - t. What are the prime factors of f?
43
Suppose 2*h + 0*h = 0. Suppose h = -5*a + a + 236. List the prime factors of a.
59
Suppose -3*d = -4*d - 53. Let s = -20 - d. What are the prime factors of s?
3, 11
Suppose p = 5*o + 1739 + 742, p + o = 2469. What are the prime factors of p?
7, 353
Let x = 1225 + -1756. Let c = -276 - x. List the prime factors of c.
3, 5, 17
Let s(z) = -5*z + 17. Let v be s(-24). Let r = 7 + v. List the prime factors of r.
2, 3
Let w(x) = 7*x - 13. Let t be w(-10). Let h = -40 - t. List the prime factors of h.
43
Let d = 101 - -115. What are the prime factors of d?
2, 3
Let h(g) = g + 5. Let o be h(4). Let m(f) = 5*f - 5*f - o + 4*f**2 - 6*f - 3*f**2. List the prime factors of m(8).
7
List the prime factors of (1881 - -3)/(9/6).
2, 157
Let z = 477 - -734. List the prime factors of z.
7, 173
Let s = 944 + -836. List the prime factors of s.
2, 3
Let v(x) = x + 5. Let w be v(-4). Let u(m) be the second derivative of 19*m**3/6 - m**2 - 18*m. What are the prime factors of u(w)?
17
Let g = 70 - 13. Suppose j + 0 = g. What are the prime factors of j?
3, 19
Let q(f) = 17*f + 16. What are the prime factors of q(35)?
13, 47
Let q(j) = -3*j - 8. Let a be q(-5). Suppose -110 = 2*u - a*u + 5*w, -u + 2*w + 21 = 0. What are the prime factors of u?
23
What are the prime factors of 80/120*2502/4?
3, 139
Suppose 3*g + 344 = 5*g. Suppose 52 = -2*x + g. What are the prime factors of x?
2, 3, 5
Let t = 103 + -26. List the prime factors of t.
7, 11
Let t be (-6)/(-4)*12/9. Let j be ((-55)/(-3))/(5/15). Suppose -l = t - j. List th